4537. Give d(-916).
107
Let q(k) = -1824*k - 330142. What is q(-181)?
2
Let y(u) = 3*u**3 + 12*u**2 + 16*u + 10. Give y(-6).
-302
Let k(w) = -458*w - 133768. Give k(-292).
-32
Let n(o) = 3*o**3 + 49*o**2 + 5453*o + 93229. Calculate n(-17).
-50
Let v(u) = 960*u + 4392. Give v(-3).
1512
Let k(o) = -14*o**2 - 291*o - 816. Calculate k(-3).
-69
Let j(d) = 7623*d - 6403292. What is j(840)?
28
Let f(w) = 2*w**3 - 240*w**2 - 224*w - 2188. Calculate f(121).
-10
Let b(h) = -2*h**2 + 251843*h - 7553491. Calculate b(30).
-1
Let r(s) = s**3 - 140*s**2 - 281*s - 1807. Calculate r(142).
-1381
Let b(l) = -l**2 + 40*l - 155. Determine b(12).
181
Let t(q) = -6*q**3 + q**2 - 4*q + 62. Determine t(-5).
857
Let w(s) = -355*s + 170419. What is w(480)?
19
Let i(p) = -870*p - 145298. Determine i(-167).
-8
Let y(r) = 1200*r + 139053. What is y(-116)?
-147
Let t(b) = -b**3 - 12*b**2 + 183*b - 19. What is t(-21)?
107
Let l(w) = -734*w**2 - 5128*w - 8759. Calculate l(-4).
9
Let c(y) = -6*y**2 + 507*y + 551. Give c(85).
296
Let f(h) = 7*h**3 - h**2 + 16*h + 470. Determine f(0).
470
Let f(k) = -k**2 + 3530*k + 613544. Calculate f(-166).
8
Let c(z) = 863876*z - 3455514. Give c(4).
-10
Let y(h) = 3*h**2 - 33*h + 206. What is y(5)?
116
Let d(f) = 4527*f - 22644. Determine d(5).
-9
Let r(o) = -o**3 - 579*o**2 + 2330*o - 1168. Give r(-583).
-2
Let u(o) = -o**3 + 18*o**2 + 109*o - 1935. Give u(10).
-45
Let u(c) = 30*c**2 + 57*c + 281. Calculate u(-5).
746
Let m(j) = -j**2 - 11864*j - 2286854. Determine m(-196).
74
Let z(p) = 2*p**2 - 733*p - 20379. Give z(-27).
870
Let m(h) = -4*h**2 - 758*h + 10097. Give m(-202).
-3
Let k(x) = 64891*x + 64887. What is k(-1)?
-4
Let t(q) = 9*q**3 - 120*q**2 - 123*q + 243. Calculate t(1).
9
Let s(y) = 23*y**3 + 16748*y**2 - 47513*y + 1459. Calculate s(-731).
-3
Let n(q) = -745*q**3 - 5*q**2 - q + 4. Determine n(-1).
745
Let d(g) = 2*g**2 - 2669*g + 885189. Calculate d(616).
-3
Let r(b) = -b**3 + 45*b**2 - 60*b + 695. Calculate r(44).
-9
Let h(j) = 19*j**2 + 2019*j + 4019. What is h(-2)?
57
Let a(h) = -5*h**2 + 23*h + 166. What is a(-9)?
-446
Let q(a) = 2*a**2 + 7*a - 404. What is q(-16)?
-4
Let q(r) = -r**3 + 52*r**2 + 714*r - 132. Determine q(63).
1191
Let d(q) = -q**3 - 198*q**2 - 145*q - 28738. Determine d(-198).
-28
Let t(a) = -81249*a - 4874936. What is t(-60)?
4
Let s(u) = 26*u**2 + 2590*u - 998. Calculate s(-100).
2
Let i(t) = -27836*t - 6151763. Calculate i(-221).
-7
Let s(b) = 186460*b - 4288572. Give s(23).
8
Let r(i) = -31*i**2 + 270*i + 1724. Determine r(13).
-5
Let b(v) = v**3 - 64*v**2 - 73*v + 513. Calculate b(65).
-7
Let c(y) = -107*y - 14932. Calculate c(-147).
797
Let m(w) = -w**2 - 29798*w - 2466341. What is m(-83)?
4
Let w(k) = 4074*k + 16168. What is w(-4)?
-128
Let h(z) = -118025*z + 354090. Determine h(3).
15
Let c(h) = -47*h**3 - 3*h**2 + 2*h + 1. Give c(-2).
361
Let v(y) = 18*y**2 + 116*y + 626. Determine v(-6).
578
Let y(n) = -282*n + 28129. Determine y(100).
-71
Let p(y) = 376*y + 115396. Give p(-308).
-412
Let q(n) = 2*n**3 + 531*n**2 - 5464*n - 366. What is q(10)?
94
Let c(h) = h**3 - 16*h**2 + 225*h - 1761. Determine c(11).
109
Let l(g) = -9*g**2 + 1117*g - 33589. What is l(73)?
-9
Let a(j) = j**3 + 511*j**2 - 28024*j + 14571. Calculate a(-561).
-15
Let g(o) = -o**3 + 25*o**2 - 203*o + 5045. Give g(25).
-30
Let n(u) = -304*u**3 + 46518*u**2 - 917*u - 156. What is n(153)?
-3
Let l(r) = -4*r**2 + 1270*r + 96973. What is l(381)?
199
Let f(x) = 29*x**2 + 258*x - 782. Calculate f(3).
253
Let p(x) = 12319*x + 148159. What is p(-12)?
331
Let d(u) = 13856*u - 290968. Calculate d(21).
8
Let z(j) = j**3 - 25*j**2 + 597*j + 2045. Calculate z(-3).
2
Let b(m) = -2*m**3 - 18*m**2 + 907*m + 8128. Calculate b(-9).
-35
Let f(h) = 134210*h - 1342106. What is f(10)?
-6
Let i(o) = 55*o**2 - 4015*o - 29. Give i(73).
-29
Let a(r) = 4*r**3 + 216*r**2 + 2*r - 90. Give a(-54).
-198
Let h(k) = -k**3 + 57*k**2 + 59*k. Give h(58).
58
Let h(o) = 57*o**2 - 4200*o + 22038. What is h(68)?
6
Let c(l) = -l**3 - 30*l**2 + 95*l + 3600. Give c(-29).
4
Let o(c) = c**3 - 886*c**2 - 36971*c + 2756. Calculate o(-40).
-4
Let j(u) = 11*u**2 - 196*u + 1006. Calculate j(11).
181
Let v(h) = -11*h**3 + 1037*h**2 - 9269*h + 23. Calculate v(10).
33
Let q(x) = 9952*x + 318467. What is q(-32)?
3
Let q(v) = 3512*v - 1626072. What is q(463)?
-16
Let x(r) = -11*r + 927. Give x(65).
212
Let a(f) = 25356*f + 557903. What is a(-22)?
71
Let x(r) = 24*r**2 + 1411*r - 266. What is x(-59)?
29
Let q(j) = -38013*j + 2736931. Determine q(72).
-5
Let b(i) = 2*i**2 - 303*i + 3243. Determine b(132).
-1905
Let o(m) = -187*m**2 + 2631*m + 10560. What is o(-4)?
-2956
Let r(m) = -317359*m - 7933964. Calculate r(-25).
11
Let u(n) = 18*n**2 - 138*n - 357. What is u(10)?
63
Let x(z) = z**2 - 39*z - 537. Determine x(49).
-47
Let m(h) = -21*h**2 + 211*h + 1182. Give m(-7).
-1324
Let q(v) = 12544*v**2 + 275971*v + 82. Determine q(-22).
16
Let l(q) = 4*q**3 + 373*q**2 + 3354*q + 200. Give l(-10).
-40
Let g(q) = -170605*q - 1194254. Calculate g(-7).
-19
Let d(u) = -3*u**3 + 1083*u**2 - 1175*u + 34159. What is d(360)?
-41
Let k(g) = 2256*g + 187321. Give k(-83).
73
Let j(v) = 531*v - 34322. What is j(65)?
193
Let r(x) = 7034888*x - 7034893. Determine r(1).
-5
Let j(i) = 5*i**3 - 2950*i**2 + 33*i - 19534. Determine j(590).
-64
Let c(q) = -26*q**3 + 28*q**2 + 10*q - 10. Determine c(0).
-10
Let k(d) = 18*d**2 + 4814*d - 37380. Give k(-275).
20
Let m(n) = 2024*n + 32429. Determine m(-16).
45
Let j(d) = -6*d**3 + 13*d**2 + 115*d + 153. What is j(-2)?
23
Let s(i) = 5*i**2 + 86740*i + 346867. Give s(-4).
-13
Let y(w) = 1003*w + 12281. Calculate y(-14).
-1761
Let m(w) = 19*w**2 - 245*w + 171. Determine m(17).
1497
Let a(b) = -3*b**3 + 13*b**2 + 8*b - 9. What is a(-5)?
651
Let c(p) = 822*p + 5309. Determine c(-7).
-445
Let t(l) = l**3 + 248*l**2 - 3906*l + 13277. What is t(10)?
17
Let o(t) = -275*t - 44830. Give o(-163).
-5
Let t(s) = -s**2 - 607*s - 85484. Calculate t(-385).
-14
Let o(v) = 3*v**3 - 131*v**2 + 4738*v - 200037. Calculate o(43).
-1
Let w(r) = -705*r + 81790. Give w(116).
10
Let l(i) = 67*i - 2331. What is l(26)?
-589
Let c(r) = 18*r**2 + 814*r + 7182. What is c(-12)?
6
Let s(c) = 156*c + 15829. Calculate s(-102).
-83
Let o(w) = 26*w**2 + 35445*w - 61453. What is o(-1365)?
-28
Let h(m) = -5*m**3 - 154*m**2 + 213*m - 32. Calculate h(-32).
-704
Let h(a) = -8*a**2 - 3935*a + 3938. Determine h(1).
-5
Let p(f) = -1077*f**2 - 1108246*f - 13378. Determine p(-1029).
-1
Let x(u) = 9*u**2 - 597*u + 6359. Determine x(53).
-1
Let y(p) = -2655*p + 84953. Determine y(32).
-7
Let n(q) = -3772*q + 2059518. Calculate n(546).
6
Let a(w) = -4*w**3 - 3557*w**2 - 3805*w + 563884. What is a(-888)?
4
Let r(s) = -s**3 - 15*s**2 - 160*s - 1198. Calculate r(-11).
78
Let q(b) = 1281*b - 21785. Calculate q(17).
-8
Let o(v) = v**3 - 18*v**2 + 3895*v - 19448. What is o(5)?
-298
Let l(h) = 990*h - 7608. What is l(7)?
-678
Let x(l) = 8*l**2 + 1710*l + 16277. Determine x(-10).
-23
Let w(s) = 300*s**3 + 33*s**2 + 25*s - 9. Calculate w(-1).
-301
Let t(q) = 2*q**2 - 7324*q - 169515. Calculate t(-23).
-5
Let s(j) = 50*j**3 - 2087*j**2 + 2058*j + 28. Determine s(1).
49
Let l(s) = -s**2 + 251*s + 587. Determine l(253).
81
Let s(j) = j**3 - 10*j**2 + 145*j - 947. What is s(7)?
-79
Let u(i) = -5*i**3 - 140*i**2 - 369*i - 25. Give u(-25).
-175
Let i(w) = w**3 + 97*w**2 + 291*w + 1535. Give i(-94).
689
Let d(r) = 69447*r - 69414. Determine d(1).
33
Let a(d) = -d**3 + 206*d**2 - 248*d + 51077. Determine a(206).
-11
Let x(u) = -2*u**2 - 1066*u + 17568. Give x(16).
0
Let q(a) = 211*a**2 + 694*a - 3447. What is q(-6)?
-15
Let z(n) = -2239*n - 6703. Calculate z(-3).
14
Let u(l) = 56*l**2 - 2416*l + 392. What is u(43)?
48
Let b(v) = -2*v**2 + 1385*v + 34454. Give b(-24).
62
Let u(i) = -470*i - 62984. Give u(-134).
-4
Let b(z) = 20*z**3 - 443*z**2 + 443*z + 44. Determine b(21).
-796
Let d(i) = 3*i**3 - 550*i**2 - 73457*i + 5466. Determine d(273).
6
Let u(n) = 3*n**2 + 2241*n + 94770. Calculate u(-45).
0
Let i(o) = 28*o**3 - 2*o**2 - 49*o - 145. Give i(-3).
-772
Let z(r) = 31*r**2 - 163*r - 1466. What is z(-5)?
124
Let z(f) = 6*f**3 - 2483*f**2 - 463*f + 20292. What is z(414)?
6
Let g(i) = -127*i**2 - 4717*i - 662. What is g(-37)?
4
Le